the remainder when c is divided by (4 + -1)/(-3) - -12?
8
Let g be (-3)/(-9)*(0 - -9). Let d = 12 - 10. Suppose -i = 5*x - g*x - 34, -2*i + 64 = d*x. Calculate the remainder when i is divided by 11.
8
Let q(r) = r**3 - 17*r**2 + 15*r - 24. Let u be q(16). Let w = -34 - u. What is the remainder when (-2)/((-2)/16*1) is divided by w?
4
Let g = 221 - 215. Calculate the remainder when g is divided by 3.
0
Suppose 0 = 5*v - v - 48. Let n(s) = 24*s**2 + 5*s. What is the remainder when n(-1) is divided by v?
7
Let h(r) = 24*r + 11. What is the remainder when h(11) is divided by 46?
45
Suppose q = -4*q + 300. Suppose 0*p - q = 4*p. Calculate the remainder when 30 is divided by 5 - 5/(p/9).
6
Calculate the remainder when 556 is divided by (-6764)/(-380) + 1/5.
16
Let z be 2/(-2)*-1 - -46. Let q = -19 + z. Calculate the remainder when 99 is divided by q.
15
Suppose -2*v + u = -441, 22*v - 226 = 21*v - 5*u. Calculate the remainder when v is divided by 25.
21
Let a = 892 + -795. Let x = -35 - -68. Calculate the remainder when a is divided by x.
31
Let m(n) = -8*n - 2. Let x be m(-11). Suppose -q = 43 - x. Calculate the remainder when q is divided by 24.
19
Suppose 192 = 4*w + 136. Let q(b) = -b**3 - 10*b**2 - 14*b - 8. What is the remainder when q(-9) is divided by w?
9
Let y = -11 + 31. Suppose -2*d = -3*s + 98, -2*s + 66 = -2*d + d. What is the remainder when s is divided by y?
14
Suppose v + 164 = 5*v - 2*a, -4*v = -3*a - 168. Suppose -6*j + 3*j + 60 = 0. What is the remainder when v is divided by j?
19
Suppose -2*u + 4 = 2*u - 4*k, 0 = u + 2*k - 10. Calculate the remainder when -10 - -18 - 2/(2 - u) is divided by 5.
4
Calculate the remainder when 43 is divided by ((-1)/2)/((-3)/(-48)*-2).
3
Suppose 2*l = 16 + 32. Suppose 4*s = s + l. What is the remainder when 10 is divided by s?
2
Suppose 3*l + 0*l = 0. Let j(t) = t**2 - t + 13. What is the remainder when 89 is divided by j(l)?
11
Calculate the remainder when 2*(-476)/(-8)*1/1 is divided by 12.
11
Let s(f) = -1 - 20*f + 1. Let u = -10 + 9. What is the remainder when 38 is divided by s(u)?
18
Suppose -106 + 120 = 2*q. Calculate the remainder when (q/(-3))/((-11)/33) is divided by 4.
3
Suppose -10*v = -9*v - 26. Suppose 3*x + 0*x - 21 = 0. Calculate the remainder when v is divided by x.
5
Let z(t) = 2*t - 5. Let h(m) = -m + 3. Let p(q) = 10*h(q) + 4*z(q). Let x be p(-9). Let l = -15 + x. Calculate the remainder when 49 is divided by l.
10
Suppose 775 = 37*l - 853. Calculate the remainder when l is divided by 15.
14
Let s = 109 - 107. Suppose 0 = -5*g - 3*i + 60, 0 = g - 0*i + s*i - 12. Suppose 0*q - 44 = -2*q. What is the remainder when q is divided by g?
10
Suppose 3 - 7 = -2*p. Suppose 3*w + 1 = -p*r - 8, -w - r - 3 = 0. Let k = 19 - w. What is the remainder when 41 is divided by k?
19
Suppose -4*d - 159 = 1. Let w(j) = -31*j**2 - 7*j - 68. Let t be w(-5). What is the remainder when 37 is divided by t/d - (-1)/(-5)?
17
Let b be ((-30)/(-20))/(6/20). Suppose -4*w + 66 = w - 3*o, -b*w = -4*o - 63. What is the remainder when 42 is divided by w?
12
Let a(r) = 3 - 4 + 4 - 6*r + 4. Calculate the remainder when a(-3) is divided by 4.
1
Suppose -13 = -4*o - 5. Suppose 4*s = 5*n + 53, 3*n = -2*s - o*n - 11. Suppose 3*m - 49 = 11. Calculate the remainder when m is divided by s.
6
Suppose 2*d + 5*k - 11 = 0, d - 2*k - 46 + 18 = 0. Suppose -4*a - t - t = 44, 3*a = 2*t - 26. Let g = a + 17. Calculate the remainder when d is divided by g.
4
Suppose 6 = -3*b + 4*q, 3*q = -2*q + 15. Suppose b = u - 7. What is the remainder when 35 is divided by u?
8
Let o = -114 + 119. What is the remainder when 4/6*6 + 10 is divided by o?
4
Suppose 2*h - 2*w = 4, 0*h + 10 = -5*h - 5*w. Suppose h = x - 21 - 22. What is the remainder when x is divided by 16?
11
Let s(y) = 29*y**2 + 261*y - 3. Calculate the remainder when s(-10) is divided by 29.
26
Let g(t) = -t**2 - 26*t + 109. Calculate the remainder when g(-17) is divided by 67.
61
Suppose 8 = -f + 5*f. Let o = f - 4. Calculate the remainder when 19 is divided by (0 - (o - -1))*7.
5
Let r = 35 - 7. Let f = r + 18. What is the remainder when f is divided by (24/14)/(7/49)?
10
Suppose m + 4*y - 10 = 16, -4*y + 8 = 0. Calculate the remainder when (0 - (-204)/(-15))*-5 is divided by m.
14
Suppose 14*q = 11*q - 282. Let l = -51 - q. Calculate the remainder when l + (-1)/(-1) + -1 is divided by 16.
11
Suppose 22 = 4*s - 3*g, 2*s + 0*s + 2*g = 4. Suppose s*i - 1 = -5. What is the remainder when 11 is divided by (1 - i)/(2/6)?
5
Let l = 11 - 0. Suppose l*k - 9*k = 26. Calculate the remainder when 74 is divided by k.
9
Let n = 637 - 576. What is the remainder when n is divided by 60?
1
Let z(g) = g**2 - 10*g + 7. Let h be z(9). Calculate the remainder when 42 is divided by (1 + -2)/(h/30).
12
Calculate the remainder when (-67599)/(-210) + 7 - (-1)/10 is divided by 18.
5
What is the remainder when (-3894)/(-27) + (-4)/18 is divided by 25?
19
Let r(l) = -l**2 + l + 17. Suppose 41*j - 4791 + 15131 = 261*j. Calculate the remainder when j is divided by r(0).
13
Suppose 0 = 21*b - 85*b + 320. Calculate the remainder when 24 is divided by b.
4
Suppose 5*w = d + 33, 5*w - 20*d = -18*d + 31. Let n(k) be the first derivative of -3*k**2/2 + 8*k - 2. Calculate the remainder when n(-6) is divided by w.
5
Let q be 50/(-15)*18/(-15). Suppose q*f - 206 = -26. What is the remainder when f is divided by 17?
11
What is the remainder when 294 is divided by 2466/30 - (-1 - (-12)/10)?
48
Suppose 916 - 1141 = -3*g. Calculate the remainder when g is divided by 13.
10
Let g(c) = 15*c - 7. Suppose 4*u = -2*u + 264. Let s = u - 23. Calculate the remainder when g(6) is divided by s.
20
Let d = 20 + 1. Suppose 14*z - 38 = 13*z. Suppose -4*p + 56 = -4*f, 0 = -3*p - 2*f + z - 6. What is the remainder when d is divided by p?
9
Let m = -1143 + 1157. Calculate the remainder when 106 is divided by m.
8
What is the remainder when (-144)/4*(-26)/6 is divided by 16?
12
Let d = 92 + 25. Calculate the remainder when d is divided by 59.
58
Suppose -10*d + 108 = -19*d. Let n(i) = -i + 10 - i - 28. Calculate the remainder when n(d) is divided by 2.
0
Calculate the remainder when (9 - 222/4)*2/(-3) is divided by 29.
2
Let f(q) = 42 + 9*q**3 - 21 - 8*q**3 + 10*q - 12*q**2. Calculate the remainder when f(12) is divided by 37.
30
Let w = -60 + 86. Let t be 1435/25 - (-4)/(-10). Suppose 24 = 5*d + 5*l - 41, -t = -4*d + l. What is the remainder when w is divided by d?
12
Let c(a) = a**3 - 14*a**2 - 14*a - 19. Let z be c(15). Calculate the remainder when ((-4)/10)/((-8)/(-50))*z is divided by 8.
2
Suppose 0 = -4*o, -4*s + o - 202 = -5*s. Let y = s - 140. What is the remainder when y is divided by 16?
14
Let y = 60 - 46. What is the remainder when 79 is divided by y?
9
Let t(i) = i**3 + 26*i**2 + 27*i + 60. Let s be t(-25). Suppose -5*d + s + 10 = 0. What is the remainder when 5 is divided by d?
1
Suppose -8*s + 16 = -0. Suppose -5*y + s*a = -2*y - 44, -51 = -4*y - 5*a. Suppose 3*z = -2*z + 25. What is the remainder when y is divided by z?
4
Let v(r) = 3*r**2 - 65*r - 10. Calculate the remainder when v(22) is divided by 9.
3
Let v(b) = -23*b. Let d be (-2)/(-8) - 25/20. Calculate the remainder when v(d) is divided by 13.
10
Let z = -1214 - -1227. Calculate the remainder when 2664 is divided by z.
12
Let k(j) = 2*j**2 + 2*j + 1. Let q be k(-2). Suppose 7 = -q*x - 8. Calculate the remainder when (-12)/((-8)/(x - -7)) is divided by 3.
0
Let i be -6*(-2)/15*495/18. Suppose -4*h = -6*h + i. What is the remainder when 41 is divided by h?
8
Suppose 0 = 4*b - 4*r + 52, 5*b - b = -3*r - 24. What is the remainder when 63 is divided by 96/(-10)*30/b?
31
Let c(h) = -2 - 5*h**2 + 10*h**2 - 2*h + 0*h - h**3. Calculate the remainder when 46 is divided by c(3).
6
Let b be (-3 - -4 - -2) + 3. Let o be (-2)/(-12) + 17/b. Suppose 6 + 12 = o*i. What is the remainder when 27 is divided by i?
3
Let z(d) = d**3 + 20*d**2 + d + 25. What is the remainder when 14 is divided by z(-20)?
4
Let y = -47 + 86. Let n = 356 + -163. What is the remainder when n is divided by y?
37
What is the remainder when (-442)/17*(-1)/1 is divided by 9?
8
Suppose o = y - 0*o - 12, 3*o - 3 = 0. What is the remainder when y is divided by 8*(14/(-6))/7*-3?
5
Let r(a) = -a**3 - a**2 - 